nits digit of s?
4
Let a be 1/(-1)*(-2)/1 + 852. Let p = a - 335. Suppose -4*n - p = -0*d - 5*d, -2*d = 3*n - 226. What is the units digit of d?
7
Suppose -22*a + 14206 = -19938. What is the tens digit of a?
5
Suppose -2*w = -3*w - 238. Let q be (381/(-4))/(2 + (-5)/4). Let u = q - w. What is the hundreds digit of u?
1
Suppose -21*r - 17*r + 79379 = 6229. What is the hundreds digit of r?
9
Suppose 15 = -2*v + 3*x, -v + 5*x - 25 = 2*v. Suppose 0 = -v*i - 3*i + 1992. Suppose -8*f + i = -0*f. What is the tens digit of f?
8
Let x(i) be the third derivative of -77*i**4/24 + 3*i**2 - 431. Suppose 2 = -s + 1. What is the tens digit of x(s)?
7
Let k(a) = 2*a + 32. Let h be k(-16). Suppose -4*s + 4*p = p + 140, 2*s - 3*p + 76 = h. Let t = 94 + s. What is the units digit of t?
2
Suppose -17 = -5*f - 5*n + 18, 0 = -5*f - 4*n + 39. Let k = 14 - f. What is the hundreds digit of 1/3 - ((-455)/k + -3)?
1
What is the thousands digit of 47812944/672 - (-6)/(-28)?
1
Suppose 26*m - 1280809 = -67*m + 871676. What is the thousands digit of m?
3
Let d = -40 + 41. Suppose -o + 2 = -d. Suppose 2*f = 2*w + 124, 2*f + 56 = o*f - 3*w. What is the units digit of f?
5
Let g be ((-4)/7)/(4/(-14)). Let l be 1/(-1) - (-5 + -1). Suppose -l*o = -6*m + g*m + 475, 3*m = -5*o + 365. What is the tens digit of m?
2
Let v(q) = q**3 - 10*q**2 + 11*q - 9. Let z be v(9). Suppose 4*g - 21 = -z. Suppose 24 - 18 = g*t. What is the units digit of t?
2
Let i(z) = -1994*z + 73. What is the hundreds digit of i(-8)?
0
Let k be 7*-8*6/(-48). Let c(r) be the third derivative of r**5/60 + r**4/6 + r**3 - r**2. What is the tens digit of c(k)?
8
Let t(m) = -5*m**3 - 4*m**2 - 2*m - 1. Let b be t(-1). Suppose -b*p + 970 = 2*o, 470 = 2*p - p + 4*o. What is the hundreds digit of p?
4
Let c(v) = -v**2 - 11*v + 45. Let j be c(-14). Let f be j/(133/(-136) - -1). Suppose 3*w - f - 134 = -3*g, -3*w = 2*g - 178. What is the tens digit of g?
9
Let x(v) = 3*v**3 + 90*v**2 - 17*v - 187. What is the hundreds digit of x(-26)?
3
Let z be 0 - (-100)/12 - 1/3. What is the units digit of 4/z*-4 + 744/2?
0
Suppose -f = 5*f - 180. What is the units digit of (-4600)/(-15)*f/25?
8
Suppose 0 = -7*p + 4440 + 4205. Suppose -5*m + p = -5*y + y, 988 = 4*m + y. What is the tens digit of m?
4
Let r = 8988 + 3990. What is the hundreds digit of r?
9
What is the ten thousands digit of (-2 - 838)*(-11 - -13)/((-3)/71)?
3
Let c = -650 - -1692. Suppose 5*n + c = 5722. Suppose -5*l - 216 = -n. What is the units digit of l?
4
Suppose 5*n - 14123 - 4302 = -5*k, 5*n = -3*k + 11049. What is the thousands digit of k?
3
What is the thousands digit of 7413 - 6 - (2 - 10)?
7
Let a(g) = g**2 + 12*g - 12. Let i be a(-13). Suppose z = 29 - i. Suppose 3*o + z = -4*f + 290, 96 = o - 3*f. What is the tens digit of o?
9
Suppose -2*g + y = -13, 5*g - 4*y + 0 = 37. Suppose -g*o - 4*l = 20, -4 = -2*o - 5*l + 5. Let c = o + 25. What is the tens digit of c?
1
Suppose -3*h + 17866 = 4*u, 5*h + 6*u = 5*u + 29771. What is the units digit of h?
4
Suppose -2*f - 3*b + 19148 = 0, -5210 = 3*f - 4*b - 33983. What is the units digit of f?
3
Let d = 341 + -77. Let m = d + -87. What is the tens digit of m?
7
Suppose -3*x - x + 16 = 0. Let r = 194 + -196. What is the tens digit of 63 + (r - (-8)/x)?
6
Suppose -j - 3*b = -5533, 769*j - 4*b = 764*j + 27684. What is the thousands digit of j?
5
Let a = 1837 - 248. What is the tens digit of a?
8
Let v(u) = -u**2 + 46*u + 99. Let l(w) = 4*w**2 - 184*w - 394. Let q(h) = 2*l(h) + 9*v(h). What is the tens digit of q(24)?
3
Suppose 20*c + 2718 = 11*c. Let m = 45 - c. What is the units digit of m?
7
Suppose -2*w + m = 1, -16 = -4*w + 5*m - 15. What is the hundreds digit of 1/(-2)*(w*1113 + -1)?
5
Let s = 8428 - 5523. What is the units digit of s?
5
Suppose 5332*v - 5328*v - 3*i = 5088, 3*i + 2556 = 2*v. What is the units digit of v?
6
What is the ten thousands digit of (-12 + 6 - (-56125)/3) + (-4)/(-6)?
1
Suppose 7*y + 7*y = 19*y - 231960. What is the hundreds digit of y?
3
Let p(l) = 6*l**2 + 222*l + 53. What is the thousands digit of p(-42)?
1
Let p(i) = i**3 + 39*i**2 - 21*i - 133. What is the hundreds digit of p(-31)?
2
Let u(f) = 4 + 3 + 11 + 8*f. Let p be 704/72 - (-2)/9. What is the tens digit of u(p)?
9
Let s = -487 + 1162. Let h = s - -21. What is the hundreds digit of h?
6
Let i be (-98)/10 - 8/40. Let z(q) = -2*q - 16. Let c be z(i). Suppose -2*f + 282 = c*n - 0*f, -2*n - 5*f + 137 = 0. What is the units digit of n?
1
Suppose -2*u + 5*z = -22903, 29*z = u + 25*z - 11444. What is the thousands digit of u?
1
Let g(v) be the third derivative of -v**4/24 + v**3/6 + 11*v**2. Let h be g(-6). Suppose -h*x + x = -210. What is the tens digit of x?
3
Let v be 1/(((-48)/(-4))/4)*21. Suppose 0 = -6*b + b + v*b. Suppose 3*f + 7*f - 260 = b. What is the tens digit of f?
2
Let c = -1092 - -7833. What is the tens digit of c?
4
Let t be (-8757)/81 + 1/9. Let c = 188 + t. What is the units digit of c?
0
Let p(j) = 20*j**2 + 6*j + 11. Let k be p(5). Suppose -5*l + 234 = -k. What is the tens digit of l?
5
Suppose -3*y + 8*y = 0. Let a(c) = 0 + 4*c**2 - 18*c + y*c**2 + 0 + 1. What is the units digit of a(9)?
3
Let c be 3/(-12) - (-25)/4. Let f be (-1944 - -8 - -8) + (-1 - 3). What is the units digit of (c/(-9))/(8/f)?
1
Let o = 71 + -19. Suppose 3*f - 5*w = 62, w = f - 5*f + o. Let r = 72 - f. What is the tens digit of r?
5
Suppose 3*h - p - 1562 = 0, 171 = -2*h + p + 1212. Let s be (-2 + -2)/(77/(-1694)). Suppose 7*q - s = h. What is the units digit of q?
7
What is the thousands digit of -3558*(-8)/(-20)*-5?
7
Suppose -8*j = -19181 - 55563. What is the tens digit of j?
4
Suppose 6*x = -41*w + 40*w + 6082, 4*w + 3*x - 24391 = 0. What is the units digit of w?
0
Suppose 4*n = -2*v + 20, 3*n = -5*v + 62 + 2. Suppose -8 = -11*p + v. Suppose 139 = p*s + 3*o, -o + 201 = 3*s + o. What is the units digit of s?
5
Let a(v) = 9*v + 96. Let x be a(-22). What is the units digit of (x*(-10)/(-40))/(3/(-92))?
2
Let a be 1/((-4 + 5)/(-2)). Let v be (-6*12/(-54))/(a/(-81)). Suppose 51*j = v*j - 84. What is the units digit of j?
8
Let q = 87728 + -43193. What is the ten thousands digit of q?
4
Suppose 4 = -h, 3*o + 6*h = 10*h + 25. Suppose 3 = 3*y, o*x - 2*y - 208 = -0*y. What is the tens digit of x?
7
Let z = -7253 + 13018. What is the tens digit of z?
6
Let t(q) = 7*q - 8*q - 3 + 15 - q. Let o be t(6). Suppose o = i - 62 - 114. What is the hundreds digit of i?
1
Let u = -231 - 71. What is the tens digit of (-9)/3 - (u + (3 - 0))?
9
Let p = -32 - -37. Suppose -t + 3*t + 3*r = 17, -p*r = -5*t - 20. What is the units digit of 2 + (15 - -3)/t?
0
Suppose -11*p + 12*p = -5*t + 6320, t + 6314 = p. What is the units digit of p?
5
Let f(u) = 6*u**2 - 105*u - 97. What is the thousands digit of f(-43)?
5
Let z(g) = -12*g**3 + 6*g**2 + 6*g - 1. Let i = -263 + 261. What is the tens digit of z(i)?
0
Suppose 93*u - 58*u = -126*u + 2242086. What is the ten thousands digit of u?
1
Let g(s) = -s**3 - s**2 + 2*s. Let d(x) = -4*x**3 - 12*x**2 + 6*x - 16. Let m(v) = -d(v) + 5*g(v). What is the units digit of m(7)?
4
Let h(c) = -4*c + 216. Suppose 0 = -19*v + 16*v. What is the hundreds digit of h(v)?
2
Let u = 35141 - 179. What is the hundreds digit of u?
9
Let b(c) = 7*c - 3. Let d be b(2). Let q = 104 - -73. Suppose q = 14*v - d*v. What is the tens digit of v?
5
Let m be 160/(-76) - 4/(-38). Let h be 1*m/7 - (-3774)/(-21). Let r = h - -327. What is the hundreds digit of r?
1
Let w be (6/15)/((-7)/(-210)). What is the hundreds digit of 2850/8 - w/(-16)?
3
Let a(i) = 3561*i - 74. What is the thousands digit of a(2)?
7
Suppose 0 = -18*o + 17*o - 92. Let j = 273 + o. Suppose r + r - n = j, 3*n + 98 = r. What is the tens digit of r?
8
Suppose 2*a = a - 57. Let j = a + 59. What is the tens digit of (-1*4)/j*(-15 + -3)?
3
What is the thousands digit of (-20004)/(-10) - (-456)/(-1140)?
2
Let g(p) = -10*p**3 - 12*p**2 - 91*p - 672. What is the thousands digit of g(-10)?
9
Let j = -145 - 286. Let m = j - -785. What is the hundreds digit of m?
3
Suppose 4 + 2 = 4*w + 2*i, -5*w - 12 = -4*i. Suppose w = 3*t - t - t. Suppose 2*f - 3*m + 0*m - 156 = t, f - 78 = -m. What is the tens digit of f?
7
Suppose 1217*r - 1256*r = -1079481. What is the ten thousands digit of r?
2
Let s = 82